)/3 - d?
34
Let y(k) = -k**3 + 8*k**2 - k + 11. Let a be y(8). Suppose 3*p + 1 = 5*z, 3*z - 7 = -a*p + 4*z. Let x = 0 - -5. What is the remainder when x is divided by p?
2
Let i = -254 + 313. Calculate the remainder when i is divided by 18.
5
Suppose -4 = 6*f - 7*f. Suppose -f*j + d = -2*d - 59, 4*j - 5*d - 53 = 0. What is the remainder when j is divided by 18*((-20)/12 - -2)?
5
Let j = 95 - 54. Let s = 84 - j. Suppose -60 = -3*m - m. What is the remainder when s is divided by m?
13
Let d = 7 + 0. Let r = d + 0. Suppose h - 5*v = 42, 0*v - 3*v - 9 = 0. Calculate the remainder when h is divided by r.
6
Suppose -3*h + 2*z - 7*z + 2 = 0, -4*z = -h - 5. Let i = 21 + -7. Calculate the remainder when h + (0 + 1 - -68) is divided by i.
12
Suppose 5*g - 894 = 351. Calculate the remainder when g is divided by 25.
24
Let b = -3 + 29. Let r(i) = 8*i**2 - 2*i + 1. Let h be ((-4)/2)/(4 + -6). Calculate the remainder when b is divided by r(h).
5
Let s(h) = -4*h**3 - 3*h**2. Let m = -596 + 630. Calculate the remainder when m is divided by s(-2).
14
Let h(r) = r**2 - 2*r + 1. Let a(y) = 61*y**2 + 10*y - 5. Let w(d) = a(d) + 4*h(d). Calculate the remainder when w(1) is divided by 18.
12
Let i(a) = 4*a**3 - 2*a**2 - 2*a + 4. Let k be i(3). Let j = -55 + k. Suppose r + 5*w = j - 6, -2*r - 2*w = -54. What is the remainder when 52 is divided by r?
25
Let s = -149 - -170. What is the remainder when s is divided by 4?
1
Suppose 36 = 2*x + 7*w - 3*w, 0 = 3*x - w - 68. Let d(a) = 18*a - 19. Calculate the remainder when d(4) is divided by x.
9
Let h = 9 - 3. Let u(v) = v**2 - v + 1. What is the remainder when 123 is divided by u(h)?
30
Let b = 667 - 644. Calculate the remainder when b is divided by (-1)/(-3) - 76/(-6).
10
Let b(k) = k**2 - 76*k + 1390. Let l be (-1)/(1 + (-204)/207). Let d = -32 - l. Calculate the remainder when d is divided by b(30).
7
What is the remainder when 75 is divided by 59/6 - 21/(-126)?
5
Calculate the remainder when ((-2)/(-3))/(3*(-2)/(-414)) is divided by 12.
10
Suppose 0 = 4*t - 5*z + 3*z - 34, 2*t - 3*z = 19. Suppose -400 = -t*x + 136. What is the remainder when x is divided by 23?
21
Let n be (2 - 2) + -2 - 1. Let j = 8 + n. Suppose -4*a = 5*m - 145, j*a = -4*m - m + 145. What is the remainder when m is divided by 10?
9
Let d be 2 - (-8 + 4/4). Suppose 4*b + u = 33, -2*b + 2*u = -15 - d. Calculate the remainder when b is divided by 4.
1
Let m be (-6)/(-4) - ((-245)/14)/5. Suppose 5*h = -m*h + 100. What is the remainder when 47 is divided by h?
7
Let p = -106 + 73. What is the remainder when ((-25)/75)/(1/p) is divided by 10?
1
Let z(o) = o**3 + 10*o**2 - 14*o - 3. Let p(g) = -g**3 - 19*g**2 + 3*g + 46. Let d be p(-19). Calculate the remainder when 89 is divided by z(d).
29
Suppose 11 = -3*n + 71. Suppose -19*q = -16*q - 15. Suppose -14 - 21 = -q*d. Calculate the remainder when n is divided by d.
6
Suppose -56 = -2*k - h, 2*h = 4*k - 0*h - 104. Let j(x) = -6 - 5 + 8 + 0*x - 2*x. What is the remainder when k is divided by j(-5)?
6
Suppose -4*p + 3*n = -111 - 213, -5*p + 3*n + 408 = 0. What is the remainder when p is divided by 18?
12
Suppose 32*d - 22*d - 610 = 0. Calculate the remainder when d is divided by 8.
5
Let y = 229 + -209. Suppose -z = 5*w + 66, -5*w + 6*z = z + 60. Let u = w + y. What is the remainder when 20 is divided by u?
6
Suppose 0 = 6*v + 114 + 198. Let l = v + 92. What is the remainder when 117 is divided by l?
37
Let o = -1949 + 1958. What is the remainder when 340 is divided by o?
7
Let o(a) = a + 4. Let p be o(4). Let z(s) = s**2 - 6*s - 3. Suppose -3*r - 2*r + 3*m = -120, r = -5*m + 24. Calculate the remainder when r is divided by z(p).
11
Suppose -31*p = -16*p - 630. What is the remainder when p is divided by 11?
9
Let o be (26/6 - 3)/((-2)/15). Let l = 21 - o. What is the remainder when 87 is divided by l?
25
Suppose 5*i = -3*o + 94, -20 = -4*o - i + 77. What is the remainder when 44 is divided by o?
21
Let n = 92 + 4. Suppose -m + n = 3*m. What is the remainder when m is divided by 3?
0
Let h(y) = 2*y**2 + 3*y + 1. What is the remainder when h(5) is divided by 8?
2
Suppose -l + 0 - 2 = 0. Let w = 8 + 9. Calculate the remainder when w is divided by ((-22)/(-10))/(l/(-10)).
6
Let n = 147 - -26. Calculate the remainder when n is divided by 30.
23
Let n(g) = g. Let a be (4/(-3))/(10/15). Calculate the remainder when (a/(-2) - 0)*6 is divided by n(3).
0
Suppose 4*m = -2*y + 16, -3*y = -6*y + 5*m - 9. Suppose -8 = y*p - j - 26, p + 3*j + 5 = 0. What is the remainder when 19 is divided by p?
5
Let n(d) = d**2 - 15*d + 36. Calculate the remainder when 288 is divided by n(13).
8
Let a(w) = w**3 - 11*w**2 + 14*w + 2. Let f(d) = -d**2 + 7*d + 2. Let t be f(9). Let u = t + 38. Calculate the remainder when a(10) is divided by u.
20
Suppose 157 + 107 = 26*v - 2*v. Let u(i) = 8*i**3 + 4*i**2 - 2*i - 1. What is the remainder when u(2) is divided by v?
9
Let m = -5 + 16. Suppose -m*a + 5*a + 114 = 0. Calculate the remainder when a is divided by 5.
4
Let n(z) = -12*z**3 + z**2. Let g be n(-1). Let k = 13 - g. Suppose -3*s + 5*s + 4*h - 30 = k, 0 = -3*h + 3. What is the remainder when 75 is divided by s?
10
Let p be 4/(-24) + 1/6. Suppose 0 = 5*o + r - p*r - 120, -4*o + 97 = r. Let t(d) = -31*d - 4. Calculate the remainder when t(-3) is divided by o.
20
Suppose 3*i + 14 - 98 = p, i = -4*p + 28. Let x = i + -11. Let l = -21 - -31. Calculate the remainder when x is divided by l.
7
Let h(f) = -106 - 108 + f + 33*f**2 + 216. Calculate the remainder when h(-1) is divided by 3.
1
Let s(a) = -4*a + 27. Let l be s(5). Suppose -d - 3*z + 39 = 0, -l*z - 15 = -d - 2*z. What is the remainder when d is divided by 17?
13
Suppose 3*k = 718 - 211. What is the remainder when k is divided by 46?
31
Suppose -19 - 109 = -2*l. Suppose 7*w + 51 = 3*k + 3*w, -3*w = 0. Calculate the remainder when l is divided by k.
13
Let k be (8 - 0)/((-8)/(-60)). Let j = -12 - -14. Suppose -5*x = -4*m - 60, -5*x + m + j*m + k = 0. Calculate the remainder when x is divided by 5.
2
Let x be (11 + 83)/(2 + 0/(-3)). Suppose x = 10*j + 17. Calculate the remainder when 11 is divided by j.
2
Let s(c) = -9*c - 5. Calculate the remainder when 13 is divided by s(-1).
1
Suppose -4*q = k - 29, 0*k = 4*k - 3*q - 230. What is the remainder when k is divided by 4/6 - (-40)/3?
11
Suppose -13*p + 16*p = 0. Calculate the remainder when 17 + 8/4 + p is divided by 11.
8
Suppose -5*q - 25 = -6*q + j, -5*q - 4*j = -134. What is the remainder when 206 is divided by q?
24
Suppose -13*r = -9*r - 92. Suppose 18*o - r*o = -615. Calculate the remainder when o is divided by 32.
27
Suppose -2*q + 46 = 14. Let f(u) = 2 - 1 + 0 + u. What is the remainder when q is divided by f(8)?
7
Let j(s) = -s**2 - 10*s - 14. Suppose 4*g + 49 = -3*g. Calculate the remainder when 48 is divided by j(g).
6
Calculate the remainder when 22 is divided by (4 + 4)/4 - 2 - -4.
2
Let q = -310 + 323. Calculate the remainder when 129 is divided by q.
12
Let o = -528 - -700. What is the remainder when o is divided by 16?
12
Let n = -83 - -169. What is the remainder when n is divided by 5?
1
Let f = 1356 + -1326. What is the remainder when f is divided by 12?
6
Suppose -4*v + 3*o = -99, 7*o - 98 = -4*v + 9*o. Calculate the remainder when 238 is divided by v.
22
Suppose -d - 32 = -f, 2*d - 86 = -81*f + 78*f. Calculate the remainder when 293 is divided by f.
23
Let r = -5 + 8. Suppose n + 18 = r*n. What is the remainder when 136/(-14)*56/(-16) is divided by n?
7
Suppose 4*b - 6 - 27 = -5*x, 51 = 5*b + 3*x. Let p = -10 - -81. What is the remainder when p is divided by b?
11
Let b = 215 - 117. Suppose 0 = -3*s + 4*k - b + 525, -2*k = 4*s - 562. Suppose -y + s = 2*y. Calculate the remainder when y is divided by 16.
15
Suppose -4*g - 22 + 2 = -5*k, 3*g = 0. Suppose -3*r - k*x + 9 = 0, -5*x = -5*r + 1 + 49. Suppose -4 = -3*v + 68. What is the remainder when v is divided by r?
3
Suppose 3*s + 10 = -2*s. Let m = 107 + -46. Calculate the remainder when s/(-4) + m/2 is divided by 17.
14
Let t be 1*(-12)/(-4) + 2. Suppose -g + 6*m - 3*m = -7, -22 = -t*g + 2*m. What is the remainder when 9 is divided by g?
1
Let m(q) = 2*q - 11. Let l = 16 + -9. What is the remainder when m(l) is divided by ((-9)/(-6))/((-6)/(-8))?
1
Suppose 4 + 31 = 